{"id":436,"date":"2021-08-26T07:15:43","date_gmt":"2021-08-26T07:15:43","guid":{"rendered":"https:\/\/fixuhierontapalvelut.fi\/?post_type=product&#038;p=436"},"modified":"2025-09-03T05:03:58","modified_gmt":"2025-09-03T05:03:58","slug":"kuumakivihieronta","status":"publish","type":"product","link":"https:\/\/fixuhierontapalvelut.fi\/?product=kuumakivihieronta","title":{"rendered":"Kuumakivihieronta"},"content":{"rendered":"<p>Tuhansia vuosia vanha hoitomuoto jota on k\u00e4ytetty muun muassa Intiassa sek\u00e4 Havajilla on l\u00f6yt\u00e4nyt tiens\u00e4 nykyaikaan. Hoidossa k\u00e4ytett\u00e4vien basalttikivien l\u00e4mp\u00f6 vaikuttaa syv\u00e4lle lihakseen tehden siit\u00e4 elastisemman, miellytt\u00e4v\u00e4 hoito joka v\u00e4hent\u00e4\u00e4 kipua sek\u00e4 rentouttaa.<\/p>\n<p>Voit itse valita haluatko kokonaisvaltaisesti rentouttavan kuumakivihieronnan vai yhdist\u00e4mmek\u00f6 kiviin tavallisen hieronnan jolloin hoito on tavallista tehokkaampi.<\/p>\n<p>Kombinaatio hieronta on loistava ratkaisu jos tiedossa on tietty ongelma-alue johon haluat keskitty\u00e4! Kuten kaikissa l\u00e4mp\u00f6hoidoissa hierontaa ei voida tehd\u00e4 jos lihaksessa on akuutti tulehdus, vaarana tulehduksen levi\u00e4minen lihaksistossa. Kuumakivihierontaa ei my\u00f6sk\u00e4\u00e4n suositella raskaana oleville, syd\u00e4nsairaille, tai juuri leikkauksessa olleille.<\/p>\n","protected":false},"excerpt":{"rendered":"<p style=\"text-align: left;\">Rentouttava hieronta l\u00e4mpimill\u00e4 kivill\u00e4 tai halutessasi yhdistelm\u00e4 klassista hierontaa ja l\u00e4mpimi\u00e4 kivi\u00e4.<\/p>\n","protected":false},"featured_media":88,"template":"","meta":[],"product_cat":[39],"product_tag":[],"class_list":{"0":"post-436","1":"product","2":"type-product","3":"status-publish","4":"has-post-thumbnail","6":"product_cat-kuumakivihieronta","8":"first","9":"instock","10":"taxable","11":"shipping-taxable","12":"purchasable","13":"product-type-variable","14":"has-default-attributes"},"aioseo_notices":[],"_links":{"self":[{"href":"https:\/\/fixuhierontapalvelut.fi\/index.php?rest_route=\/wp\/v2\/product\/436","targetHints":{"allow":["GET"]}}],"collection":[{"href":"https:\/\/fixuhierontapalvelut.fi\/index.php?rest_route=\/wp\/v2\/product"}],"about":[{"href":"https:\/\/fixuhierontapalvelut.fi\/index.php?rest_route=\/wp\/v2\/types\/product"}],"wp:featuredmedia":[{"embeddable":true,"href":"https:\/\/fixuhierontapalvelut.fi\/index.php?rest_route=\/wp\/v2\/media\/88"}],"wp:attachment":[{"href":"https:\/\/fixuhierontapalvelut.fi\/index.php?rest_route=%2Fwp%2Fv2%2Fmedia&parent=436"}],"wp:term":[{"taxonomy":"product_cat","embeddable":true,"href":"https:\/\/fixuhierontapalvelut.fi\/index.php?rest_route=%2Fwp%2Fv2%2Fproduct_cat&post=436"},{"taxonomy":"product_tag","embeddable":true,"href":"https:\/\/fixuhierontapalvelut.fi\/index.php?rest_route=%2Fwp%2Fv2%2Fproduct_tag&post=436"}],"curies":[{"name":"wp","href":"https:\/\/api.w.org\/{rel}","templated":true}]}}