{"id":107,"date":"2016-12-07T13:30:25","date_gmt":"2016-12-07T13:30:25","guid":{"rendered":"http:\/\/fixuhierontapalvelut.fi\/?page_id=107"},"modified":"2022-10-24T06:13:40","modified_gmt":"2022-10-24T06:13:40","slug":"jessica-holmberg","status":"publish","type":"page","link":"https:\/\/fixuhierontapalvelut.fi\/?page_id=107","title":{"rendered":"Jessica Wikstr\u00f6m"},"content":{"rendered":"<p>Olen harrastanut liikuntaa koko ik\u00e4ni eri lajien parissa ja tuntui luonnolliselta jatkaa my\u00f6s ty\u00f6skentely\u00e4 urheilun sek\u00e4 ihmisten hyvinvoinnin parissa. Ihmiskeho ja anatomia on alana kiehtova kokonaisuus jossa on mahdollisuus lis\u00e4kouluttautua rajattomasti.<\/p>\n<p>Valmistuin Suomen Urheiluhierojaopistosta 2010 koulutetuksi hierojaksi jonka j\u00e4lkeen aloitin ty\u00f6skentelyn Suomen Urheilufysiossa ammatinharjoittajana sek\u00e4 toimin parisen vuotta Suomen naisten jalkapallomaajoukkueen hierojana vuoden 2013 EM-kisoihin saakka.<\/p>\n<p>\u201dLiike on l\u00e4\u00e4ke\u201d on sopivin sanonta jokaiselle melkein vaivaan kuin vaivaan. Nyky\u00e4\u00e4n suurin osa ty\u00f6skentelee staattisessa ty\u00f6ss\u00e4 jossa keho joutuu koetukselle ja oireet alkavat pikkuhiljaa hiipi\u00e4 esille. Henkil\u00f6kohtaisesti olen todella huolissani siit\u00e4 miten huonosti kehomme voi juurikin liikkumattomuuden, istumisen sek\u00e4 koneellistumisen vuoksi. Jo nuorilla on kovia p\u00e4\u00e4ns\u00e4rkyj\u00e4, huono ryhti, niskahartiaseudun sek\u00e4 alasel\u00e4n kroonisia kramppeja, tulehduksia ja raajojejen puutumista vain muutamia oireita mainitakseni.<\/p>\n<p>Toivon pystyv\u00e4ni auttamaan sek\u00e4 helpottamaan asiakkaalta n\u00e4it\u00e4 oireita sek\u00e4 mielell\u00e4ni annan neuvoja miten jatkaa oman kehon hyvinvoinnin yll\u00e4pit\u00e4mist\u00e4 &nbsp;perusarjessa!<\/p>\n<p>Pyrin pit\u00e4m\u00e4\u00e4n huolen itsest\u00e4ni ja kehostani liikkumalla aktiivisesti ja intohimoihini kuuluu CrossFit harjoittelu sek\u00e4 urheilijana ett\u00e4 valmentajana. Tasaisen v\u00e4liajoin l\u00f6yd\u00e4n itseni kisaamassa ja haastamassa itse\u00e4ni uudestaan ja uudestaan. Harrastan my\u00f6s &nbsp;py\u00f6r\u00e4ily\u00e4, uintia, juoksua ja kaikki perinteisi\u00e4 talvilajeja mit\u00e4 l\u00f6ytyy! . Ensi kes\u00e4ll\u00e4 haaveni on aloittaa seikkailukilpaileminen ja muutamat kisat ovatkin jo mieless\u00e4.<\/p>\n<p>Koskaan ei ole liian my\u00f6h\u00e4ist\u00e4 aloittaa pit\u00e4m\u00e4\u00e4n huolta omasta kehostasi ja hyvinvoinnistasi, n\u00e4hd\u00e4\u00e4n!!<\/p>\n","protected":false},"excerpt":{"rendered":"<p>Olen harrastanut liikuntaa koko ik\u00e4ni eri lajien parissa ja tuntui luonnolliselta jatkaa my\u00f6s ty\u00f6skentely\u00e4 urheilun sek\u00e4 ihmisten hyvinvoinnin parissa. Ihmiskeho ja anatomia on alana kiehtova kokonaisuus jossa on mahdollisuus lis\u00e4kouluttautua rajattomasti. Valmistuin Suomen Urheiluhierojaopistosta 2010 koulutetuksi hierojaksi jonka j\u00e4lkeen aloitin ty\u00f6skentelyn Suomen Urheilufysiossa ammatinharjoittajana sek\u00e4 toimin parisen vuotta Suomen naisten jalkapallomaajoukkueen hierojana vuoden 2013 EM-kisoihin<a href=\"https:\/\/fixuhierontapalvelut.fi\/?page_id=107\">[&#8230;]<\/a><\/p>\n","protected":false},"author":1,"featured_media":0,"parent":0,"menu_order":0,"comment_status":"closed","ping_status":"closed","template":"template-fullwidth.php","meta":{"footnotes":""},"class_list":["post-107","page","type-page","status-publish","hentry"],"aioseo_notices":[],"_links":{"self":[{"href":"https:\/\/fixuhierontapalvelut.fi\/index.php?rest_route=\/wp\/v2\/pages\/107","targetHints":{"allow":["GET"]}}],"collection":[{"href":"https:\/\/fixuhierontapalvelut.fi\/index.php?rest_route=\/wp\/v2\/pages"}],"about":[{"href":"https:\/\/fixuhierontapalvelut.fi\/index.php?rest_route=\/wp\/v2\/types\/page"}],"author":[{"embeddable":true,"href":"https:\/\/fixuhierontapalvelut.fi\/index.php?rest_route=\/wp\/v2\/users\/1"}],"replies":[{"embeddable":true,"href":"https:\/\/fixuhierontapalvelut.fi\/index.php?rest_route=%2Fwp%2Fv2%2Fcomments&post=107"}],"version-history":[{"count":14,"href":"https:\/\/fixuhierontapalvelut.fi\/index.php?rest_route=\/wp\/v2\/pages\/107\/revisions"}],"predecessor-version":[{"id":626,"href":"https:\/\/fixuhierontapalvelut.fi\/index.php?rest_route=\/wp\/v2\/pages\/107\/revisions\/626"}],"wp:attachment":[{"href":"https:\/\/fixuhierontapalvelut.fi\/index.php?rest_route=%2Fwp%2Fv2%2Fmedia&parent=107"}],"curies":[{"name":"wp","href":"https:\/\/api.w.org\/{rel}","templated":true}]}}